mine v(19).
1434
Let d(g) = 151*g - 152. Determine d(1).
-1
Let d(w) = -2*w**3 + 135*w**2 - 2127*w - 611. Calculate d(42).
19
Let r(c) = 5591*c + 374637. Give r(-67).
40
Let x(n) = -4697*n + 1756669. Calculate x(374).
-9
Let m(p) = -7*p**3 - p**2 + 15*p + 80. Give m(-3).
215
Let s(u) = 9*u**2 + 2162*u + 2659. Determine s(-239).
30
Let y(i) = 21264*i + 12928527. Give y(-608).
15
Let p(r) = 2*r**3 + 187*r**2 - 893*r - 57768. Give p(-95).
-8
Let b(u) = -u**3 - 31*u**2 - 219*u - 195. Calculate b(-21).
-6
Let o(k) = 111*k - 2198. Give o(29).
1021
Let r(k) = -2325*k + 151095. Calculate r(65).
-30
Let y(h) = h**3 + 75*h**2 - 4895*h - 367941. What is y(-72)?
51
Let w(b) = 83*b - 22928. Calculate w(276).
-20
Let m(t) = 2*t**2 - 4366*t + 52189. Determine m(12).
85
Let r(t) = t**3 - t**2 - 159*t + 311. What is r(7)?
-508
Let h(n) = -n**2 + 586*n - 64367. Determine h(146).
-127
Let q(m) = -36*m**2 - 145*m + 12. Calculate q(-4).
16
Let r(l) = -2671*l - 10072. Give r(-5).
3283
Let r(n) = 3*n**2 - 965*n - 7902. Give r(-8).
10
Let c(q) = -199*q**2 - 362*q + 362. Calculate c(1).
-199
Let d(t) = -t**3 + 523*t**2 - 1034*t - 23. Determine d(2).
-7
Let j(s) = 11*s**2 - 117587*s - 1412620. Calculate j(-12).
8
Let p(t) = -33*t**3 + 886*t**2 + 137*t - 19. Give p(27).
35
Let a(o) = 85371*o - 170729. Give a(2).
13
Let o(y) = 6*y**2 + 8227*y - 759636. Determine o(-1458).
-18
Let w(b) = -b**3 + 466*b**2 + 68*b - 31666. What is w(466)?
22
Let r(v) = 2*v**3 + 183*v**2 + 374*v + 5. What is r(0)?
5
Let v(i) = 387*i - 228726. Determine v(591).
-9
Let x(b) = -27919*b + 167519. Calculate x(6).
5
Let b(v) = -5984*v + 101704. Give b(17).
-24
Let h(y) = 79060*y - 1818386. What is h(23)?
-6
Let w(x) = -4905*x**2 + 34348*x - 118. Determine w(7).
-27
Let x(k) = -10*k - 3575. Give x(-364).
65
Let w(g) = g**3 - 549*g**2 - 2803*g + 18087. Determine w(554).
-195
Let o(f) = -f**3 + 13*f**2 + 141*f + 170. Calculate o(22).
-1084
Let b(y) = -2884*y + 83643. Calculate b(29).
7
Let n(r) = -302*r - 72833. Give n(-241).
-51
Let z(b) = 24*b**3 + 2*b**2 + 5600*b - 16795. Calculate z(3).
671
Let h(v) = 98*v**2 - 8718*v - 432. What is h(89)?
-76
Let p(y) = 12*y**2 + 8517*y + 42269. Give p(-5).
-16
Let a(w) = 30*w**2 - 7932*w - 7931. Determine a(-1).
31
Let r(a) = -6926*a + 879610. Determine r(127).
8
Let g(x) = 5*x**2 - 301*x + 181. What is g(62)?
739
Let f(y) = 44*y**2 - 93*y - 1021. Calculate f(6).
5
Let g(f) = -4961*f + 4740. What is g(1)?
-221
Let z(t) = 5108*t - 837603. Determine z(164).
109
Let m(a) = -a**3 - 87*a**2 - 2581*a - 20166. What is m(-12)?
6
Let i(d) = -497*d + 53449. What is i(110)?
-1221
Let h(l) = 2*l**3 + 9*l**2 - 366*l - 2926. Determine h(-8).
-446
Let k(n) = -n**3 - 48*n**2 + 2559*n + 88. Give k(32).
56
Let v(k) = -127*k - 3419. Calculate v(-28).
137
Let o(w) = -345*w + 995. What is o(5)?
-730
Let z(p) = -12*p**3 - 1909*p**2 - 159*p - 11. Calculate z(-159).
-11
Let q(y) = -4*y**2 - 4416*y - 419585. What is q(-999)?
-5
Let x(k) = -8*k**2 + 452*k - 152. Calculate x(53).
1332
Let x(f) = 16*f**2 - 308*f - 304. What is x(-1)?
20
Let z(n) = -n**3 + 544*n**2 + 4420*n + 56. Calculate z(-8).
24
Let q(r) = 2*r**3 + 641*r**2 - 12*r + 99101. What is q(-321)?
-88
Let n(t) = -5469*t + 153156. Determine n(28).
24
Let g(k) = -7*k + 155. Determine g(-6).
197
Let k(b) = 124066*b + 1116555. What is k(-9)?
-39
Let h(c) = -2*c**2 + 27*c - 104. Calculate h(4).
-28
Let n(i) = 10*i**2 + 4731*i - 6. Calculate n(0).
-6
Let s(x) = -130*x + 422. Give s(2).
162
Let j(o) = 627*o + 1290. Calculate j(-2).
36
Let j(b) = 3*b**2 + 10708*b + 170589. What is j(-16)?
29
Let m(u) = u**3 + 23*u**2 - 515*u - 1451. Give m(-36).
241
Let u(a) = a**3 - 3*a**2 - 43*a - 2. Calculate u(7).
-107
Let c(o) = 4*o**2 - 177*o + 1774. Determine c(16).
-34
Let g(y) = 55*y**2 + 191*y + 394. Calculate g(-2).
232
Let a(y) = 819*y + 1406. Calculate a(-2).
-232
Let a(l) = -57*l - 2547. Determine a(-53).
474
Let v(l) = -l**2 + 2814*l + 36700. Give v(-13).
-51
Let f(s) = -s**2 - 494*s + 46606. Give f(81).
31
Let r(j) = 1800*j - 29301. What is r(17)?
1299
Let m(z) = z**3 - 79*z**2 + 206*z + 59. Determine m(3).
-7
Let m(o) = o**3 - 263*o**2 - 282*o + 4750. Determine m(264).
-2
Let f(u) = 10*u**3 + 15*u**2 - 17*u - 83. Determine f(-3).
-167
Let w(k) = -5*k**2 + 376*k - 1144. What is w(3)?
-61
Let g(h) = h**2 - 1493*h + 88729. Calculate g(62).
7
Let p(t) = t**2 + 533*t + 6153. What is p(-12)?
-99
Let q(r) = -2*r**3 + 80*r**2 - 897*r + 36111. Give q(40).
231
Let i(n) = 77*n**2 - 415*n - 922. Give i(7).
-54
Let f(q) = -4*q**3 + 191*q**2 - 2826*q + 137954. Give f(48).
2
Let j(f) = -f**3 - 54*f**2 + 84*f + 7772. Determine j(-53).
511
Let f(l) = 5*l**2 + 813*l + 32707. Calculate f(-73).
3
Let z(c) = c**3 - 15*c**2 - 492*c - 1960. Give z(-5).
0
Let l(z) = -3*z**2 + 397*z + 26429. Determine l(181).
3
Let u(g) = -109620*g + 1753914. Determine u(16).
-6
Let q(h) = 3951*h**2 - 15244*h - 2237. Determine q(4).
3
Let t(c) = -3214*c + 1076674. What is t(335)?
-16
Let p(r) = -14*r**2 - 504*r + 3548. What is p(-42)?
20
Let u(m) = 743*m + 319569. Calculate u(-430).
79
Let m(p) = -p**3 + 2*p**2 + 23*p + 353. What is m(9)?
-7
Let c(v) = -185*v + 4428. Determine c(-4).
5168
Let b(y) = -3*y**3 + 2*y**2 + y + 9. Calculate b(2).
-5
Let b(o) = -2*o**2 + 4691*o - 42412. Determine b(9).
-355
Let b(h) = -11*h**3 - 171*h**2 - 47*h + 283. Calculate b(-15).
-362
Let h(z) = 3*z**3 + 24*z**2 + 72*z + 305. Calculate h(-7).
-52
Let k(l) = -l**3 + 982*l**2 + 321406*l + 16124. What is k(1241)?
-9
Let y(j) = 7*j**3 + 97*j**2 - 36*j - 38. Determine y(-14).
270
Let k(b) = -3*b**3 + 6*b**2 + 3*b + 387. Calculate k(0).
387
Let w(p) = -2*p**2 - 949*p + 3822. Give w(4).
-6
Let u(r) = -6974*r - 1527306. Give u(-219).
0
Let c(u) = 3*u**2 + 13*u - 292328. Give c(310).
2
Let t(q) = 796648*q - 5576532. Determine t(7).
4
Let j(z) = z**3 - 838*z**2 - 9337*z - 26. What is j(-11)?
-48
Let r(c) = 7*c**3 - 89*c**2 - 684*c - 2. Give r(-8).
-3810
Let a(o) = 339*o**2 - 132*o + 7. Determine a(2).
1099
Let z(q) = -q**3 - 78*q**2 - 1517*q + 170. Give z(-39).
14
Let k(r) = -77*r**2 - 206*r - 56. Determine k(-8).
-3336
Let t(o) = -1416*o + 8662. Determine t(6).
166
Let o(v) = -13*v**2 - 264*v + 2497. Calculate o(7).
12
Let m(h) = h**3 + 883*h**2 - 18987*h + 71. Give m(21).
8
Let p(f) = -3*f**2 - 174*f + 18651. Determine p(-113).
6
Let f(q) = 2*q**3 - 127*q**2 + 743*q - 12356. Calculate f(59).
152
Let l(k) = -k**2 + 1048*k + 12904. Determine l(-12).
184
Let z(m) = m**3 - 22*m**2 - 28*m + 8. What is z(15)?
-1987
Let k(j) = -2*j**2 - 2178*j + 10873. Determine k(5).
-67
Let x(z) = -16903*z + 760681. What is x(45)?
46
Let m(v) = v**3 - 13*v**2 - 2535*v + 28122. What is m(11)?
-5
Let d(h) = h**2 + 161774*h - 4854135. Calculate d(30).
-15
Let f(a) = 5*a**2 + 230*a - 622. What is f(-52)?
938
Let s(f) = f**2 - 3236*f - 650. Determine s(0).
-650
Let b(t) = t**3 + 29*t**2 - 2067*t - 61103. Give b(-30).
7
Let b(j) = 18*j**2 - 763*j + 7385. Calculate b(28).
133
Let n(d) = d**2 + 1339*d - 50736. Determine n(37).
176
Let m(p) = -p**2 + 155*p + 5995. What is m(187)?
11
Let x(k) = 4506*k - 243365. What is x(54)?
-41
Let v(i) = -8065*i - 80506. What is v(-10)?
144
Let v(k) = -2*k**3 + 884*k**2 + 895*k - 3984. Give v(443).
3
Let x(g) = g**3 + 124*g**2 + 473*g + 31. Determine x(-4).
59
Let q(h) = -h**3 - 42*h**2 - 96*h - 226. Give q(-38).
-2354
Let x(t) = 2*t**2 + 9*t - 353. Calculate x(11).
-12
Let j(u) = -132283*u + 793691. Determine j(6).
-7
Let p(u) = -u**3 + 39*u**2 + 1127*u - 44347. Determine p(35).
-2
Let i(t) = -54296*t - 162122. Calculate i(-3).
766
Let a(w) = 8*w**2 + 306*w - 116386. Give a(103).
4
Let v(y) = -75820*y + 303295. What is v(4)?
15
Let t(b) = 78*b**2 - 1170*b - 31. What is t(15)?
-31
Let r(x) = -7356*x - 1905204. Determine r(-259).
0
Let z(d) = 3*d**2 + 542*d + 9513. Determine z(-161).
14
Let o(g) = 2*g**3 - 5*g**2 - 1049*g + 4151. Calculate o(4).
3
Let r(a) = -a**2 + 4812*a + 57881. Give r(-12).
-7
Let g(b) = 677*b + 133. Give g(2).
1487
Let v(p) = 4*p**3 + 8*p**2 - 35*p - 111. Give v(-2).
-41
Let p(z) = -46804*z - 421136. Determine p(-9).
100
Let y(p) = p**3 - 37*p**2 - 560*p + 11083. Determine y(44).
-5
Let z(u) = -u**3 - 73*u**2 - 294*u - 1365. Give z(-69).
-123
Let c(u) = 11*u**2 - 1693*u -